8 and 462.
22
Calculate the highest common factor of 121 and 3509.
121
Calculate the highest common factor of 180 and 354.
6
What is the highest common factor of 160 and 6800?
80
Calculate the highest common divisor of 2726 and 141.
47
Calculate the greatest common factor of 4064 and 128.
32
Calculate the greatest common divisor of 15 and 35.
5
What is the highest common factor of 240 and 192?
48
Calculate the highest common factor of 3 and 96.
3
Calculate the highest common factor of 64 and 2824.
8
What is the greatest common factor of 282 and 6?
6
Calculate the highest common factor of 3077 and 153.
17
What is the highest common divisor of 120 and 72?
24
What is the greatest common factor of 81 and 729?
81
Calculate the greatest common factor of 1665 and 60.
15
What is the highest common factor of 48 and 24?
24
Calculate the greatest common divisor of 4 and 1396.
4
What is the greatest common factor of 945 and 245?
35
Calculate the highest common divisor of 600 and 75.
75
What is the highest common divisor of 72 and 1548?
36
Calculate the highest common divisor of 5976 and 72.
72
Calculate the greatest common divisor of 52 and 988.
52
Calculate the greatest common divisor of 22 and 13.
1
Calculate the highest common factor of 55 and 4741.
11
Calculate the greatest common divisor of 44 and 1903.
11
Calculate the highest common factor of 2720 and 85.
85
What is the greatest common divisor of 330 and 1920?
30
What is the highest common factor of 32 and 1008?
16
Calculate the highest common factor of 28801 and 1388.
347
What is the highest common factor of 12138 and 84?
42
What is the highest common factor of 17 and 272?
17
Calculate the greatest common factor of 98 and 602.
14
Calculate the highest common divisor of 214 and 73188.
214
What is the greatest common factor of 178 and 2?
2
Calculate the greatest common factor of 1462 and 34.
34
Calculate the highest common divisor of 920 and 18630.
230
Calculate the highest common divisor of 153 and 1179.
9
What is the greatest common factor of 713 and 31?
31
What is the greatest common factor of 2350 and 125?
25
What is the highest common divisor of 3415 and 40?
5
Calculate the greatest common divisor of 84 and 36.
12
Calculate the highest common divisor of 616 and 44.
44
Calculate the highest common factor of 55 and 125.
5
Calculate the greatest common factor of 78 and 208.
26
What is the greatest common factor of 946 and 172?
86
What is the highest common factor of 161 and 56?
7
Calculate the highest common factor of 39 and 2171.
13
What is the highest common factor of 23 and 575?
23
What is the highest common divisor of 7 and 273?
7
Calculate the greatest common divisor of 121 and 1133.
11
Calculate the greatest common factor of 36 and 6462.
18
What is the greatest common factor of 10 and 4250?
10
What is the greatest common divisor of 9 and 109?
1
What is the greatest common factor of 528 and 216?
24
What is the highest common divisor of 5786 and 66?
22
What is the greatest common factor of 108 and 216?
108
Calculate the highest common factor of 182 and 52.
26
What is the greatest common divisor of 153 and 27?
9
What is the greatest common factor of 45 and 1810?
5
What is the greatest common divisor of 23 and 23?
23
What is the greatest common divisor of 31712 and 32?
32
Calculate the greatest common divisor of 2886 and 286.
26
What is the greatest common divisor of 6 and 162?
6
Calculate the highest common factor of 11327 and 241.
241
Calculate the highest common divisor of 242 and 121.
121
What is the greatest common factor of 60 and 96?
12
What is the highest common divisor of 3170 and 10?
10
Calculate the greatest common divisor of 2198 and 42.
14
What is the greatest common divisor of 10319 and 153?
17
Calculate the greatest common divisor of 114 and 38.
38
What is the greatest common factor of 130 and 182?
26
Calculate the highest common factor of 1919 and 101.
101
What is the greatest common divisor of 18 and 62?
2
Calculate the highest common factor of 581 and 7.
7
Calculate the greatest common factor of 4239 and 351.
27
What is the greatest common factor of 16 and 80?
16
What is the greatest common factor of 27 and 963?
9
Calculate the highest common factor of 58 and 5191.
29
Calculate the greatest common divisor of 5489 and 11.
11
Calculate the greatest common divisor of 108 and 960.
12
What is the greatest common factor of 45 and 171?
9
What is the greatest common divisor of 424 and 7420?
212
What is the highest common divisor of 6 and 87?
3
Calculate the greatest common factor of 60 and 16860.
60
Calculate the greatest common divisor of 14 and 2758.
14
Calculate the greatest common divisor of 91 and 28.
7
What is the greatest common divisor of 775 and 50?
25
What is the greatest common factor of 16 and 96?
16
Calculate the greatest common divisor of 15370 and 580.
290
What is the highest common divisor of 5874 and 88?
22
Calculate the greatest common divisor of 38 and 190.
38
Calculate the greatest common factor of 1071 and 126.
63
What is the greatest common factor of 27 and 2241?
27
What is the highest common divisor of 2 and 13?
1
What is the highest common divisor of 573 and 9?
3
What is the greatest common factor of 531 and 324?
9
Calculate the highest common factor of 180 and 1220.
20
Calculate the greatest common divisor of 126 and 774.
18
What is the greatest common divisor of 435 and 180?
15
Calculate the greatest common divisor of 83 and 498.
83
Calculate the highest common factor of 2 and 149.
1
What is the highest common divisor of 287 and 205?
41
What is the highest common divisor of 951 and 3?
3
What is the highest common divisor of 175 and 119?
7
Calculate the highest common divisor of 4501 and 14.
7
What is the highest common divisor of 105 and 385?
35
Calculate the greatest common factor of 290 and 50.
10
Calculate the greatest common factor of 581 and 166.
83
Calculate the greatest common factor of 480 and 600.
120
What is the greatest common factor of 81 and 864?
27
What is the highest common factor of 40 and 8?
8
What is the greatest common divisor of 102 and 2193?
51
What is the highest common divisor of 26651 and 29?
29
Calculate the highest common factor of 450 and 75.
75
Calculate the greatest common divisor of 188 and 47.
47
What is the highest common factor of 364 and 208?
52
Calculate the greatest common factor of 612 and 6.
6
Calculate the greatest common divisor of 180 and 160.
20
What is the greatest common factor of 324 and 756?
108
Calculate the highest common factor of 209 and 1562.
11
What is the greatest common divisor of 69 and 2967?
69
Calculate the highest common factor of 292 and 511.
73
Calculate the highest common factor of 865 and 30.
5
What is the highest common divisor of 1632 and 68?
68
Calculate the highest common divisor of 216 and 144.
72
What is the highest common factor of 357 and 187?
17
What is the highest common divisor of 21 and 763?
7
Calculate the greatest common factor of 428 and 12.
4
What is the highest common divisor of 616 and 88?
88
What is the greatest common factor of 48 and 12708?
12
What is the greatest common factor of 102 and 170?
34
Calculate the highest common factor of 9 and 7.
1
Calculate the greatest common factor of 300 and 3450.
150
What is the greatest common divisor of 665 and 70?
35
What is the greatest common factor of 140 and 2548?
28
What is the highest common factor of 43 and 43?
43
Calculate the highest common factor of 9 and 3.
3
Calculate the highest common divisor of 1612 and 2108.
124
Calculate the greatest common factor of 60 and 8.
4
Calculate the greatest common divisor of 20 and 2110.
10
What is the highest common divisor of 5423 and 957?
319
Calculate the highest common factor of 3321 and 81.
81
Calculate the highest common divisor of 17 and 1207.
17
What is the greatest common divisor of 96 and 1888?
32
What is the greatest common factor of 12 and 162?
6
Calculate the highest common factor of 86 and 28.
2
What is the highest common factor of 9 and 81?
9
Calculate the greatest common factor of 2147 and 1017.
113
What is the greatest common divisor of 78 and 480?
6
What is the greatest common factor of 620 and 60?
20
Calculate the greatest common divisor of 245 and 86485.
245
What is the 